[INFO] cloning repository https://github.com/Accelbread/gpuedit
[INFO] running `Command { std: "git" "-c" "credential.helper=" "-c" "credential.helper=/workspace/cargo-home/bin/git-credential-null" "clone" "--bare" "https://github.com/Accelbread/gpuedit" "/workspace/cache/git-repos/https%3A%2F%2Fgithub.com%2FAccelbread%2Fgpuedit", kill_on_drop: false }`
[INFO] [stderr] Cloning into bare repository '/workspace/cache/git-repos/https%3A%2F%2Fgithub.com%2FAccelbread%2Fgpuedit'...
[INFO] running `Command { std: "git" "rev-parse" "HEAD", kill_on_drop: false }`
[INFO] [stdout] de71861465df1ca22b4edc65d73e83af6ad68bfb
[INFO] building Accelbread/gpuedit against master#881c1ac408d93bb7adaa3a51dabab9266e82eee8 for issue-85264
[INFO] running `Command { std: "git" "clone" "/workspace/cache/git-repos/https%3A%2F%2Fgithub.com%2FAccelbread%2Fgpuedit" "/workspace/builds/worker-6/source", kill_on_drop: false }`
[INFO] [stderr] Cloning into '/workspace/builds/worker-6/source'...
[INFO] [stderr] done.
[INFO] validating manifest of git repo https://github.com/Accelbread/gpuedit on toolchain 881c1ac408d93bb7adaa3a51dabab9266e82eee8
[INFO] running `Command { std: "/workspace/cargo-home/bin/cargo" "+881c1ac408d93bb7adaa3a51dabab9266e82eee8" "metadata" "--manifest-path" "Cargo.toml" "--no-deps", kill_on_drop: false }`
[INFO] started tweaking git repo https://github.com/Accelbread/gpuedit
[INFO] finished tweaking git repo https://github.com/Accelbread/gpuedit
[INFO] tweaked toml for git repo https://github.com/Accelbread/gpuedit written to /workspace/builds/worker-6/source/Cargo.toml
[INFO] crate git repo https://github.com/Accelbread/gpuedit already has a lockfile, it will not be regenerated
[INFO] running `Command { std: "/workspace/cargo-home/bin/cargo" "+881c1ac408d93bb7adaa3a51dabab9266e82eee8" "fetch" "--manifest-path" "Cargo.toml", kill_on_drop: false }`
[INFO] [stderr]  Downloading crates ...
[INFO] [stderr]   Downloaded utf8parse v0.1.1
[INFO] [stderr]   Downloaded qutex v0.2.3
[INFO] [stderr]   Downloaded ocl-core-vector v0.1.0
[INFO] [stderr]   Downloaded ocl v0.19.2
[INFO] [stderr]   Downloaded cl-sys v0.4.2
[INFO] [stderr]   Downloaded rustyline v4.1.0
[INFO] [stderr]   Downloaded backtrace v0.3.18
[INFO] [stderr]   Downloaded ocl-core v0.11.1
[INFO] running `Command { std: "docker" "create" "-v" "/var/lib/crater-agent-workspace/builds/worker-6/target:/opt/rustwide/target:rw,Z" "-v" "/var/lib/crater-agent-workspace/builds/worker-6/source:/opt/rustwide/workdir:ro,Z" "-v" "/var/lib/crater-agent-workspace/cargo-home:/opt/rustwide/cargo-home:ro,Z" "-v" "/var/lib/crater-agent-workspace/rustup-home:/opt/rustwide/rustup-home:ro,Z" "-e" "SOURCE_DIR=/opt/rustwide/workdir" "-e" "CARGO_TARGET_DIR=/opt/rustwide/target" "-e" "CARGO_HOME=/opt/rustwide/cargo-home" "-e" "RUSTUP_HOME=/opt/rustwide/rustup-home" "-w" "/opt/rustwide/workdir" "-m" "1610612736" "--user" "0:0" "--network" "none" "ghcr.io/rust-lang/crates-build-env/linux@sha256:20528e8c29e4536546f0102ce88568b16ea7538393a33fcca951030f7af10457" "/opt/rustwide/cargo-home/bin/cargo" "+881c1ac408d93bb7adaa3a51dabab9266e82eee8" "metadata" "--no-deps" "--format-version=1", kill_on_drop: false }`
[INFO] [stdout] 2bd98f7a2aa968c33fb70c9d4d84b72facb9db8b806eb711d9c738e4e5987807
[INFO] [stderr] WARNING: Your kernel does not support swap limit capabilities or the cgroup is not mounted. Memory limited without swap.
[INFO] running `Command { std: "docker" "start" "-a" "2bd98f7a2aa968c33fb70c9d4d84b72facb9db8b806eb711d9c738e4e5987807", kill_on_drop: false }`
[INFO] running `Command { std: "docker" "inspect" "2bd98f7a2aa968c33fb70c9d4d84b72facb9db8b806eb711d9c738e4e5987807", kill_on_drop: false }`
[INFO] running `Command { std: "docker" "rm" "-f" "2bd98f7a2aa968c33fb70c9d4d84b72facb9db8b806eb711d9c738e4e5987807", kill_on_drop: false }`
[INFO] [stdout] 2bd98f7a2aa968c33fb70c9d4d84b72facb9db8b806eb711d9c738e4e5987807
[INFO] running `Command { std: "docker" "create" "-v" "/var/lib/crater-agent-workspace/builds/worker-6/target:/opt/rustwide/target:rw,Z" "-v" "/var/lib/crater-agent-workspace/builds/worker-6/source:/opt/rustwide/workdir:ro,Z" "-v" "/var/lib/crater-agent-workspace/cargo-home:/opt/rustwide/cargo-home:ro,Z" "-v" "/var/lib/crater-agent-workspace/rustup-home:/opt/rustwide/rustup-home:ro,Z" "-e" "SOURCE_DIR=/opt/rustwide/workdir" "-e" "CARGO_TARGET_DIR=/opt/rustwide/target" "-e" "CARGO_INCREMENTAL=0" "-e" "RUST_BACKTRACE=full" "-e" "RUSTFLAGS=--cap-lints=forbid" "-e" "CARGO_HOME=/opt/rustwide/cargo-home" "-e" "RUSTUP_HOME=/opt/rustwide/rustup-home" "-w" "/opt/rustwide/workdir" "-m" "1610612736" "--user" "0:0" "--network" "none" "ghcr.io/rust-lang/crates-build-env/linux@sha256:20528e8c29e4536546f0102ce88568b16ea7538393a33fcca951030f7af10457" "/opt/rustwide/cargo-home/bin/cargo" "+881c1ac408d93bb7adaa3a51dabab9266e82eee8" "build" "--frozen" "--message-format=json", kill_on_drop: false }`
[INFO] [stdout] 70baadea9ee592012bb3274f337e24c95b79c098b691fcebda3f03dac51020c9
[INFO] [stderr] WARNING: Your kernel does not support swap limit capabilities or the cgroup is not mounted. Memory limited without swap.
[INFO] running `Command { std: "docker" "start" "-a" "70baadea9ee592012bb3274f337e24c95b79c098b691fcebda3f03dac51020c9", kill_on_drop: false }`
[INFO] [stderr]    Compiling libc v0.2.55
[INFO] [stderr]    Compiling cfg-if v0.1.9
[INFO] [stderr]    Compiling num-traits v0.2.6
[INFO] [stderr]    Compiling proc-macro2 v0.4.30
[INFO] [stderr]    Compiling num-integer v0.1.39
[INFO] [stderr]    Compiling lazy_static v1.3.0
[INFO] [stderr]    Compiling unicode-xid v0.1.0
[INFO] [stderr]    Compiling cc v1.0.37
[INFO] [stderr]    Compiling rustc-serialize v0.3.24
[INFO] [stderr]    Compiling num-iter v0.1.37
[INFO] [stderr]    Compiling nodrop v0.1.13
[INFO] [stderr]    Compiling autocfg v0.1.2
[INFO] [stderr]    Compiling scopeguard v0.3.3
[INFO] [stderr]    Compiling failure_derive v0.1.5
[INFO] [stderr]    Compiling cl-sys v0.4.2
[INFO] [stderr]    Compiling smallvec v0.6.9
[INFO] [stderr]    Compiling rustc-demangle v0.1.14
[INFO] [stderr]    Compiling bitflags v1.0.4
[INFO] [stderr]    Compiling nix v0.13.0
[INFO] [stderr]    Compiling memchr v2.2.0
[INFO] [stderr]    Compiling futures v0.1.27
[INFO] [stderr]    Compiling utf8parse v0.1.1
[INFO] [stderr]    Compiling unicode-segmentation v1.3.0
[INFO] [stderr]    Compiling numtoa v0.1.0
[INFO] [stderr]    Compiling unicode-width v0.1.5
[INFO] [stderr]    Compiling log v0.4.6
[INFO] [stderr]    Compiling crossbeam-utils v0.6.5
[INFO] [stderr]    Compiling arrayvec v0.4.10
[INFO] [stderr]    Compiling ocl-core v0.11.1
[INFO] [stderr]    Compiling backtrace v0.3.18
[INFO] [stderr]    Compiling crossbeam-epoch v0.7.1
[INFO] [stderr]    Compiling crossbeam-queue v0.1.2
[INFO] [stderr]    Compiling crossbeam-channel v0.3.8
[INFO] [stderr]    Compiling backtrace-sys v0.1.28
[INFO] [stderr]    Compiling quote v0.6.12
[INFO] [stderr]    Compiling crossbeam-deque v0.7.1
[INFO] [stderr]    Compiling rand v0.4.6
[INFO] [stderr]    Compiling dirs v1.0.5
[INFO] [stderr]    Compiling termion v1.5.2
[INFO] [stderr]    Compiling syn v0.15.34
[INFO] [stderr]    Compiling crossbeam v0.7.1
[INFO] [stderr]    Compiling num-traits v0.1.43
[INFO] [stderr]    Compiling enum_primitive v0.1.1
[INFO] [stderr]    Compiling qutex v0.2.3
[INFO] [stderr]    Compiling num-bigint v0.1.44
[INFO] [stderr]    Compiling num-complex v0.1.43
[INFO] [stderr]    Compiling num-rational v0.1.42
[INFO] [stderr]    Compiling num v0.1.42
[INFO] [stderr]    Compiling ocl-core-vector v0.1.0
[INFO] [stderr]    Compiling synstructure v0.10.2
[INFO] [stderr]    Compiling rustyline v4.1.0
[INFO] [stderr]    Compiling failure v0.1.5
[INFO] [stderr]    Compiling ocl v0.19.2
[INFO] [stdout] error[E0502]: cannot borrow `self.cmd.buffer.obj_core` as immutable because it is also borrowed as mutable
[INFO] [stdout]     --> /opt/rustwide/cargo-home/registry/src/github.com-1ecc6299db9ec823/ocl-0.19.2/src/standard/buffer.rs:1609:13
[INFO] [stdout]      |
[INFO] [stdout] 1606 |         let (offset, len, queue, flags, ewait, enew, /*is_mapped*/) = self.enq_details()?;
[INFO] [stdout]      |                                                                       ---- mutable borrow occurs here
[INFO] [stdout] ...
[INFO] [stdout] 1609 |             &self.cmd.buffer.obj_core, true, flags, offset, len, ewait, enew)?;
[INFO] [stdout]      |             ^^^^^^^^^^^^^^^^^^^^^^^^^ immutable borrow occurs here
[INFO] [stdout] ...
[INFO] [stdout] 1614 |             queue.clone()))
[INFO] [stdout]      |             ----- mutable borrow later used here
[INFO] [stdout] 
[INFO] [stdout] 
[INFO] [stdout] error[E0502]: cannot borrow `self.cmd.buffer.obj_core` as immutable because it is also borrowed as mutable
[INFO] [stdout]     --> /opt/rustwide/cargo-home/registry/src/github.com-1ecc6299db9ec823/ocl-0.19.2/src/standard/buffer.rs:1613:57
[INFO] [stdout]      |
[INFO] [stdout] 1606 |         let (offset, len, queue, flags, ewait, enew, /*is_mapped*/) = self.enq_details()?;
[INFO] [stdout]      |                                                                       ---- mutable borrow occurs here
[INFO] [stdout] ...
[INFO] [stdout] 1613 |         Ok(MemMap::new(mm_core, len, None, unmap_event, self.cmd.buffer.obj_core.clone(),
[INFO] [stdout]      |                                                         ^^^^^^^^^^^^^^^^^^^^^^^^ immutable borrow occurs here
[INFO] [stdout] 1614 |             queue.clone()))
[INFO] [stdout]      |             ----- mutable borrow later used here
[INFO] [stdout] 
[INFO] [stdout] 
[INFO] [stdout] error[E0502]: cannot borrow `self.cmd.buffer.obj_core` as immutable because it is also borrowed as mutable
[INFO] [stdout]     --> /opt/rustwide/cargo-home/registry/src/github.com-1ecc6299db9ec823/ocl-0.19.2/src/standard/buffer.rs:1635:13
[INFO] [stdout]      |
[INFO] [stdout] 1630 |         let (offset, len, queue, flags, ewait, enew, /*is_mapped*/) = self.enq_details()?;
[INFO] [stdout]      |                                                                       ---- mutable borrow occurs here
[INFO] [stdout] ...
[INFO] [stdout] 1635 |             &self.cmd.buffer.obj_core, false, flags, offset, len, ewait,
[INFO] [stdout]      |             ^^^^^^^^^^^^^^^^^^^^^^^^^ immutable borrow occurs here
[INFO] [stdout] ...
[INFO] [stdout] 1646 |             self.cmd.buffer.obj_core.clone(), queue.clone(), /*is_mapped*/))
[INFO] [stdout]      |                                               ----- mutable borrow later used here
[INFO] [stdout] 
[INFO] [stdout] 
[INFO] [stdout] error[E0502]: cannot borrow `self.cmd.buffer.obj_core` as immutable because it is also borrowed as mutable
[INFO] [stdout]     --> /opt/rustwide/cargo-home/registry/src/github.com-1ecc6299db9ec823/ocl-0.19.2/src/standard/buffer.rs:1646:13
[INFO] [stdout]      |
[INFO] [stdout] 1630 |         let (offset, len, queue, flags, ewait, enew, /*is_mapped*/) = self.enq_details()?;
[INFO] [stdout]      |                                                                       ---- mutable borrow occurs here
[INFO] [stdout] ...
[INFO] [stdout] 1646 |             self.cmd.buffer.obj_core.clone(), queue.clone(), /*is_mapped*/))
[INFO] [stdout]      |             ^^^^^^^^^^^^^^^^^^^^^^^^          ----- mutable borrow later used here
[INFO] [stdout]      |             |
[INFO] [stdout]      |             immutable borrow occurs here
[INFO] [stdout] 
[INFO] [stdout] 
[INFO] [stdout] error: aborting due to 4 previous errors
[INFO] [stdout] 
[INFO] [stdout] 
[INFO] [stdout] For more information about this error, try `rustc --explain E0502`.
[INFO] [stdout] 
[INFO] [stderr] error: could not compile `ocl`
[INFO] [stderr] 
[INFO] [stderr] To learn more, run the command again with --verbose.
[INFO] running `Command { std: "docker" "inspect" "70baadea9ee592012bb3274f337e24c95b79c098b691fcebda3f03dac51020c9", kill_on_drop: false }`
[INFO] running `Command { std: "docker" "rm" "-f" "70baadea9ee592012bb3274f337e24c95b79c098b691fcebda3f03dac51020c9", kill_on_drop: false }`
[INFO] [stdout] 70baadea9ee592012bb3274f337e24c95b79c098b691fcebda3f03dac51020c9
